{"id":15,"date":"2022-06-05T12:56:37","date_gmt":"2022-06-05T12:56:37","guid":{"rendered":"https:\/\/music-spectrum.com\/?page_id=15"},"modified":"2022-06-22T12:43:49","modified_gmt":"2022-06-22T12:43:49","slug":"festival-spectrum-2022-trio-ritratto-del-amore","status":"publish","type":"page","link":"https:\/\/music-spectrum.com\/index.php\/festival-spectrum-2022-trio-ritratto-del-amore\/","title":{"rendered":"Festival Spectrum 2022 &#8211; Trio ritratto dell&#8217;amore"},"content":{"rendered":"\n<figure class=\"wp-block-image size-large\"><img decoding=\"async\" src=\"https:\/\/music-spectrum.com\/festivalspectrum2021\/wp-content\/uploads\/2021\/07\/Festival_Spectrum_logo.jpg\" alt=\"\" class=\"wp-image-61\"\/><\/figure>\n\n\n\n<h1 class=\"wp-block-heading\">Trio Ritratto dell&#8217;amore<\/h1>\n\n\n\n<p>Cveto Kobal, flavta &#8211; Volodja Bal\u017ealorsky, violina &#8211; Nedka Petkowa, \u010dembalo<\/p>\n\n\n\n<figure class=\"wp-block-image size-full is-resized\"><img loading=\"lazy\" decoding=\"async\" src=\"https:\/\/music-spectrum.com\/wp-content\/uploads\/2022\/06\/Trio-Ritratto-dellamore.jpg\" alt=\"\" class=\"wp-image-11\" width=\"602\" height=\"452\" srcset=\"https:\/\/music-spectrum.com\/wp-content\/uploads\/2022\/06\/Trio-Ritratto-dellamore.jpg 320w, https:\/\/music-spectrum.com\/wp-content\/uploads\/2022\/06\/Trio-Ritratto-dellamore-300x225.jpg 300w\" sizes=\"auto, (max-width: 602px) 100vw, 602px\" \/><\/figure>\n\n\n\n<ul class=\"wp-block-list\"><li><strong>Kaj:<\/strong>&nbsp;Komorna glasba<\/li><li><strong>Kdaj:<\/strong>&nbsp;sreda, 13.7.2022 od 20.30&nbsp;do 22.30<\/li><li><strong>Kje:<\/strong>&nbsp;Atrij ZRC SAZU, Novi trg 2,&nbsp;Ljubljana<\/li><li>Brez vstopnine <\/li><li><strong><em>Vstop prost. Brezpla\u010dne vstopnice lahko prevzamete zadnjo uro pred koncertom na vhodu v Atrij ZRC SAZU. \u0160tevilo mest je omejeno, zato vam svetujemo, da pridete nekoliko prej.<\/em><\/strong><\/li><\/ul>\n\n\n\n<p><strong>Trio Ritrattoo dell amore <\/strong><\/p>\n\n\n\n<p><strong>Volodja Bal\u017ealorsky, violina &#8211; Cveto Kobal, flavta  &#8211; Nedka Petkowa,&nbsp;\u010dembalo<\/strong><\/p>\n\n\n\n<p><\/p>\n\n\n\n<p><strong>Georg Philipp Telemann<\/strong> (1681-1767) \u2013 Trio sonata v c molu <\/p>\n\n\n\n<p><em>Largo, Vivace, Andante, Allegro<\/em><\/p>\n\n\n\n<p><strong>Johann Sebastian Bach<\/strong>, (1685-1750): Aria (Goldberg variacije)<\/p>\n\n\n\n<p><strong>Aldo Kumar<\/strong>: Tantadrujeve \u017eelje (za flavto solo)<\/p>\n\n\n\n<p>I<strong>gor Krivokapi\u0107\u00a0<\/strong> &#8211; Drobi\u017eki<\/p>\n\n\n\n<p><strong>Janez Mati\u010di\u010d<\/strong> (1926-2022): Preludij in Aria (Suita \u0161t.3 za klavir 1961)<br><em>prva izvedba: Paris, Junij 1962 Livia Rev, klavir<\/em><br><em>Arr. za cembalo Nedka Petkowa<\/em><\/p>\n\n\n\n<p><strong>Nenad Fir\u0161t:<\/strong> Something wild (za violino solo)<\/p>\n\n\n\n<p><strong>Jacques Ibert<\/strong> (1890-1962) \u2013 Deux interludes<\/p>\n\n\n\n<p><strong>Trio \u201eRitratto dell\u2019amore\u201c<\/strong>&nbsp;sestavljajo flavtist&nbsp;<strong>Cveto Kobal<\/strong>, violinist&nbsp;<strong>Volodja Bal\u017ealorsky<\/strong>&nbsp;in \u010dembalistka&nbsp;<strong>Nedka Petkowa<\/strong>.&nbsp;<\/p>\n\n\n\n<p>V tej zasedbi nastopajo skupaj od julija 1994, ko imeli svoj prvi nastop v okviru Roga\u0161kega glasbenega poletja z glasbenimi deli iz obdobja baroka. Od taktrat dalje Trio redno nastopa po Sloveniji, Avstriji in Hrva\u0161ki, med drugim tudi kot gost razli\u010dnih festivalov.&nbsp;<\/p>\n\n\n\n<p>Leta 1997 je njihov nastop na Ptujskem gradu posnela TVS. Radio Slovenija pa je posnel njihov koncert na zadnjem festivalu Musica Aeterna 2001 v Kamniku.<\/p>\n\n\n\n<p>V zadnjem obdobju se ansambel vse bolj posve\u010da izvajanju sodobne literature. Tako so v njihovi izvedbi v na\u0161em kulturnem prostoru do\u017eivele premiero skladbe G. Ligetija, J. Iberta, I. Krivokapi\u010da in I. Kopeckega. S svojimi bogatimi izku\u0161njami vsi trije posamezniki tvorijo zanimivo simbiozo, ki vzbuja poseben interes za nastajanje novih skladb med slovenskimi komponisti mlaj\u0161e gerneracije za ta zanimiv sestav. Novo ime ansambla, ki je povzeto po naslovu enega od koncertov F. Couperina, ponazarja vez med barokom in najsodobnej\u0161o glasbeno ustvarjalnostjo.&nbsp;<\/p>\n\n\n<div class=\"wp-block-image\">\n<figure class=\"alignleft size-full\"><img loading=\"lazy\" decoding=\"async\" width=\"275\" height=\"183\" src=\"https:\/\/music-spectrum.com\/wp-content\/uploads\/2022\/06\/Cveto-Kobal.jpeg\" alt=\"Cveto Kobal - flavtist\" class=\"wp-image-77\"\/><figcaption>Cveto Kobal<\/figcaption><\/figure>\n<\/div>\n\n\n<p><strong>Cveto Kobal<\/strong>&nbsp;je leta 1983 z odli\u010dnim uspehom diplomiral na Akademiji za glasbo v Ljubljani pri prof. B. \u010campi. Izpopolnjeval se je pri W. Benettu (Kanada), A. Marionu (Francija) in P.L. Grafu (\u0161vica). S \u0161tipendijo francoske vlade je bil tri leta slu\u0161atelj podiplomske specializacije v Parizu pri A. Marionu, P. Y. Artaudu in T. Prevostu.&nbsp;So\u010dasno je leta 1988 diplomiral na Ecole Normale de Musique de Paris. Leta 1991 se je podiplomsko izpopolnjeval pri J. Walkerju na Univerzi U. S. C. v ZDA.&nbsp;<\/p>\n\n\n\n<p><\/p>\n\n\n\n<p>Med \u0161tudijem je dobil vrsto prvih nagrad na republi\u0161kih in zveznih tekmovanjih leta 1977, 1979, 1981, leta 1983 prvo mesto na Tekmovanju glasbenih umetnikov Jugoslavije.&nbsp;<\/p>\n\n\n\n<p>Koncertiral je kot solist z orkestri (Simfoniki RTV Slovenije, Slovenska filharmonija, Orkester G. Tartini iz Trsta, Celov\u0161ki komorni orkester, Orkester Visoke \u0161ole za glasbo iz Gradca, Zagreb\u0161ka filharmonija, Zbor hrva\u0161ke RTV), na solisti\u010dnih recitalih in kot \u010dlan razli\u010dnih komornih zasedb v Sloveniji, v republikah biv\u0161e Jugoslavije, Franciji, Italiji, Avstriji, Nem\u010diji, Mad\u017earski in Izraelu. Snemal je za radio in televizijo, solisti\u010dno sodeloval na mnogih zgo\u0161\u010denkah za doma\u010de (Helidon, ZKP RTV Slovenija) in tuje (Mute \u2013 London, Sound Circle \u2013 Gema v Nem\u017eiji) zalo\u017ebe.&nbsp;V seriji Slovenski solisti je s<\/p>\n\n\n\n<p>pianistom H. Haasom izdal samostojno zgo\u0161\u010denko. Predstavil je \u0161tevilne prve izvedbe slovenskih glasbenih del (Kumar, Lazar, Strajnar, Krivokapi\u010d, Kopecky,\u2026). Za umetni\u0161ko dejavnost prejema odli\u010dne ocene strokovne kritike.&nbsp;<\/p>\n\n\n\n<p>Kot \u0161tudent (1981-1983) je bil \u010dlan orkestra Slovenske filharmonije. Od leta 1988 do 1990 in od leta 1992 do 1998 je bil solo \u2013 flavtist Simfonikov RTV Slovenija. Med leti 1998 in 2000 je bil urednik Uredni\u0161tva za resno glasbo in balet na TV Slovenija. Odtlej koncertiranje dopolnjuje s pedago\u0161kim delom. Je izredni profesor za komorno igro in docent za flavto na Oddelku za glasbo Pedago\u0161ke Fakultete, Univerze v Mariboru.<\/p>\n\n\n\n<p>Violinist&nbsp;<strong>Volodja Bal\u017ealorsky&nbsp;<\/strong>doma in v tujini nastopa kot solist in komorni glasbenik.&nbsp;<\/p>\n\n\n<div class=\"wp-block-image\">\n<figure class=\"alignleft size-large is-resized\"><img loading=\"lazy\" decoding=\"async\" src=\"https:\/\/music-spectrum.com\/wp-content\/uploads\/2022\/06\/Volodja_Balzalorsky_Portrait1_by_Lado_Jaksa-copy-684x1024.jpg\" alt=\"Volodja Bal\u017ealorsky - violinist\" class=\"wp-image-78\" width=\"221\" height=\"330\" srcset=\"https:\/\/music-spectrum.com\/wp-content\/uploads\/2022\/06\/Volodja_Balzalorsky_Portrait1_by_Lado_Jaksa-copy-684x1024.jpg 684w, https:\/\/music-spectrum.com\/wp-content\/uploads\/2022\/06\/Volodja_Balzalorsky_Portrait1_by_Lado_Jaksa-copy-200x300.jpg 200w, https:\/\/music-spectrum.com\/wp-content\/uploads\/2022\/06\/Volodja_Balzalorsky_Portrait1_by_Lado_Jaksa-copy-768x1149.jpg 768w, https:\/\/music-spectrum.com\/wp-content\/uploads\/2022\/06\/Volodja_Balzalorsky_Portrait1_by_Lado_Jaksa-copy-1026x1536.jpg 1026w, https:\/\/music-spectrum.com\/wp-content\/uploads\/2022\/06\/Volodja_Balzalorsky_Portrait1_by_Lado_Jaksa-copy.jpg 1200w\" sizes=\"auto, (max-width: 221px) 100vw, 221px\" \/><figcaption>Volodja Bal\u017ealorsky &#8211; violinist<\/figcaption><\/figure>\n<\/div>\n\n\n<p>S \u0161tevilnimi koncerti in snemanji za razli\u010dne radijske in TV postaje v Evropi in ZDA, si je Volodja Bal\u017ealorsky ustvaril sloves violinista izbru\u0161ene tehnike, bogatega tona&nbsp; in prefinjene muzikalnosti. Redno nastopa na mednarodnih festivalih v Bruslju, Kremsu, Bologni, Trapaniju, Ljubljani, Benetkah, Aberystwythu, Kromeri\u017eu Londonu, New Yorku itd.&nbsp;<\/p>\n\n\n\n<p>Posnel je \u0161tevilne CD plo\u0161\u010de, med drugim tudi LIVE kolekcijo osmih plo\u0161\u010d \u2013 in ve\u010d oddaj za TV Slovenija.&nbsp;<\/p>\n\n\n\n<p>Od 1999 do 2001 je bil koncertni mojster Freiburger Barocksolisten. Kot komorni glasbenik deluje v razli\u010dnih, tudi mednarodnih komornih zasedbah. Svoje delo umetnika poustvarjalca uspe\u0161no dopolnjuje s pedago\u0161kim delom.&nbsp;<\/p>\n\n\n\n<p><\/p>\n\n\n\n<p>\u017de ve\u010d let vodi razli\u010dne mednarodne mojstrske seminarje za violino&nbsp;&nbsp;&nbsp;-Gro\u017enjan Hrva\u0161ka), Amalfi in Rim (Italija), Aberystwyth (Velika Britanija), Interlochen in DePauw University (ZDA).&nbsp;<\/p>\n\n\n\n<p>Od leta 1996 pou\u010duje kot na Akademiji za glasbo v Ljubljani, kjer je zaposlen kot redni profesor. Od leta 1983 pa na Srednji glasbeni in baletni \u0161oli v Ljubljani.&nbsp;<\/p>\n\n\n\n<p>Njegovi u\u010denci so osvojili ve\u010d dr\u017eavnih in mednarodnih nagrad.&nbsp;<\/p>\n\n\n\n<p>Volodja Bal\u017ealorsky je \u0161tudiral je v K\u00f6lnu, Moskvi in na Dunaju pri slovitih profesorjih kot so Igor Ozim, Josef Suk, Galina Barinova in Grigorij \u017dislin.&nbsp;<\/p>\n\n\n<div class=\"wp-block-image\">\n<figure class=\"alignleft size-full\"><img loading=\"lazy\" decoding=\"async\" width=\"188\" height=\"268\" src=\"https:\/\/music-spectrum.com\/wp-content\/uploads\/2022\/06\/Nedka_Petkowa.jpeg\" alt=\"\" class=\"wp-image-76\"\/><figcaption>Nedka Petkowa<\/figcaption><\/figure>\n<\/div>\n\n\n<p>\u010cembalistka&nbsp;<strong>Nedka Petkowa<\/strong>&nbsp;solisti\u010dno in kot \u010dlanica razli\u010dnih komornih ansamblov redno nastopa po Sloveniji in v \u0161ir\u0161em evropskem prostoru. Po \u0161tudiju klavirja pri prof. L. En\u010devi in prof. N. Evrovu na Akademiji za glasbo v Sofiji in po \u0161tudiju muzikologije v St. Peterburgu, je leta 1990 diplomirala na Oddelku za muzikologijo ljubljanske Filozofske fakultete. V sezoni 1993\/94 je bila aktivna udele\u017eenka na mojstrskih te\u010dajih za \u010dembalo na mednarodni poletni Akademiji za staro glasbo v Innsbrucku pri prof. J. Sonnleitnerju. V letih 1997-2000 je nadaljevala s \u0161tudijem \u010dembala na Visoki \u0161oli za glasbo Winterthur Z\u00fcrich pri istem profesorju na Scholi Cantorum Basiliensis-Raziskovalnem in\u0161titutu za staro glasbo v Baslu.&nbsp;<\/p>\n\n\n\n<p>V 80-ih letih je bil N. Petkowa \u010dlanica ansambla Studio za kljunasto flavto v Ljubljani. Kot \u010dembalistka je snemala za glasbeni arhiv Radia Slovenija. Kot solistka nastopa s samostojnimi recitali ter v komornih zasedbah, npr. v duu z violinistom V. Bal\u017ealorskym.&nbsp;Leta 1999 pa je pri ZKP RTV Slovenija iz\u0161la njena prva CD plo\u0161\u010da z deli skladateljev G. Frescobaldija, F. Couperina, A. Forqueraya, J. S. Bacha in G. F. H\u00e4ndla z naslovom \u201eIskanje izgubljenega \u010dasa\u201c. Kot \u010dembalistka je nastopala tudi s komornima ansambloma \u201eSlovenicum\u201c in \u201eCarnium\u201c&nbsp;<\/p>\n\n\n\n<p><strong>Festival Spectrum omogo\u010dajo<\/strong><\/p>\n\n\n\n<p><\/p>\n\n\n\n<p>MESTNA OB\u010cINA LJUBLJANA<\/p>\n\n\n\n<figure class=\"wp-block-image size-large\"><img decoding=\"async\" src=\"https:\/\/music-spectrum.com\/festivalspectrum2021\/wp-content\/uploads\/2021\/07\/grayscale_image_generator-83-257x220-copy.jpg\" alt=\"\" class=\"wp-image-51\"\/><\/figure>\n\n\n\n<p>MINISTRSTVO ZA KULTURO<\/p>\n\n\n\n<figure class=\"wp-block-image size-large\"><img decoding=\"async\" src=\"https:\/\/music-spectrum.com\/festivalspectrum2021\/wp-content\/uploads\/2021\/07\/Ministrstvo300.jpg\" alt=\"\" class=\"wp-image-50\"\/><\/figure>\n\n\n\n<p>Ustanova Imago kot ko-producent julijskega dela festivala<\/p>\n\n\n\n<figure class=\"wp-block-image size-large\"><img decoding=\"async\" src=\"https:\/\/music-spectrum.com\/festivalspectrum2021\/wp-content\/uploads\/2021\/07\/logo-imago.jpeg\" alt=\"\" class=\"wp-image-49\"\/><\/figure>\n","protected":false},"excerpt":{"rendered":"<p>Trio Ritratto dell&#8217;amore Cveto Kobal, flavta &#8211; Volodja Bal\u017ealorsky, violina &#8211; Nedka Petkowa, \u010dembalo Kaj:&nbsp;Komorna glasba Kdaj:&nbsp;sreda, 13.7.2022 od 20.30&nbsp;do 22.30 Kje:&nbsp;Atrij ZRC SAZU, Novi trg 2,&nbsp;Ljubljana Brez vstopnine Vstop prost. Brezpla\u010dne vstopnice lahko prevzamete zadnjo uro pred koncertom na vhodu v Atrij ZRC SAZU. \u0160tevilo mest je omejeno, zato vam svetujemo, da pridete nekoliko&hellip;&nbsp;<a href=\"https:\/\/music-spectrum.com\/index.php\/festival-spectrum-2022-trio-ritratto-del-amore\/\" class=\"\" rel=\"bookmark\">Read More &raquo;<span class=\"screen-reader-text\">Festival Spectrum 2022 &#8211; Trio ritratto dell&#8217;amore<\/span><\/a><\/p>\n","protected":false},"author":1,"featured_media":0,"parent":0,"menu_order":0,"comment_status":"closed","ping_status":"closed","template":"","meta":{"neve_meta_sidebar":"","neve_meta_container":"","neve_meta_enable_content_width":"","neve_meta_content_width":0,"neve_meta_title_alignment":"","neve_meta_author_avatar":"","neve_post_elements_order":"","neve_meta_disable_header":"","neve_meta_disable_footer":"","neve_meta_disable_title":"on","footnotes":""},"class_list":["post-15","page","type-page","status-publish","hentry"],"_links":{"self":[{"href":"https:\/\/music-spectrum.com\/index.php\/wp-json\/wp\/v2\/pages\/15","targetHints":{"allow":["GET"]}}],"collection":[{"href":"https:\/\/music-spectrum.com\/index.php\/wp-json\/wp\/v2\/pages"}],"about":[{"href":"https:\/\/music-spectrum.com\/index.php\/wp-json\/wp\/v2\/types\/page"}],"author":[{"embeddable":true,"href":"https:\/\/music-spectrum.com\/index.php\/wp-json\/wp\/v2\/users\/1"}],"replies":[{"embeddable":true,"href":"https:\/\/music-spectrum.com\/index.php\/wp-json\/wp\/v2\/comments?post=15"}],"version-history":[{"count":12,"href":"https:\/\/music-spectrum.com\/index.php\/wp-json\/wp\/v2\/pages\/15\/revisions"}],"predecessor-version":[{"id":136,"href":"https:\/\/music-spectrum.com\/index.php\/wp-json\/wp\/v2\/pages\/15\/revisions\/136"}],"wp:attachment":[{"href":"https:\/\/music-spectrum.com\/index.php\/wp-json\/wp\/v2\/media?parent=15"}],"curies":[{"name":"wp","href":"https:\/\/api.w.org\/{rel}","templated":true}]}}